k) = -k**2 + 21*k + 132. Give c(9).
240
Let c(t) = 137990*t + 4139690. What is c(-30)?
-10
Let l(y) = 2*y**2 + 185*y + 1591. What is l(-85)?
316
Let f(q) = 156*q - 5528. Calculate f(39).
556
Let o(m) = -4*m**3 - 817*m**2 - 160*m + 8981. Determine o(-204).
5
Let x(k) = k**3 - 41*k**2 + 24*k - 1173. Determine x(41).
-189
Let k(j) = -88*j + 1941. Determine k(25).
-259
Let u(p) = p**3 + 60*p**2 + 501*p - 129. Calculate u(-50).
-179
Let f(q) = 1083*q - 41241. Give f(38).
-87
Let r(b) = 10936*b - 21972. Determine r(2).
-100
Let f(l) = 5736*l + 97492. Give f(-17).
-20
Let d(x) = -x**2 + 1174*x - 30931. What is d(27)?
38
Let m(x) = 56*x**3 - 671*x**2 - 188*x + 2111. Determine m(12).
-1
Let t(j) = -93*j**3 - 18682*j**2 + 2211*j + 62. Determine t(-201).
62
Let j(u) = 2*u**3 + 43*u**2 + 238*u - 10. What is j(-9)?
-127
Let c(v) = -21*v**2 + 608*v - 360. What is c(28)?
200
Let i(u) = -3430*u - 4318360. Determine i(-1259).
10
Let g(k) = 3*k**2 + 79*k - 29. Give g(-28).
111
Let w(m) = -3*m**2 - 563*m - 2587. Determine w(-183).
-25
Let n(h) = -22141*h + 9210654. Give n(416).
-2
Let d(y) = 163*y**2 - 8811*y + 472. Give d(54).
-14
Let n(f) = -f**3 + 240*f**2 - 1177*f + 372. Calculate n(235).
-98
Let x(w) = -1844*w**2 - 73*w + 9. Give x(-1).
-1762
Let m(v) = 97*v + 6912. Give m(-61).
995
Let f(q) = -q**2 - 1695*q - 11809. What is f(-7)?
7
Let y(s) = 25*s**2 - 10256*s + 6. Calculate y(0).
6
Let f(a) = 8745*a + 1075532. Calculate f(-123).
-103
Let l(n) = -5871*n - 187853. Give l(-32).
19
Let r(p) = -1650*p - 9914. Determine r(-6).
-14
Let n(h) = h**3 - 77*h**2 - 393*h + 30261. Give n(77).
0
Let y(r) = 3*r**3 + 46*r**2 - 23*r - 306. Give y(-18).
-2484
Let z(h) = -83320*h + 4499274. Give z(54).
-6
Let c(l) = 30*l**2 - 43*l - 44. Determine c(13).
4467
Let h(u) = 758*u + 5052. Calculate h(-8).
-1012
Let m(h) = 11*h**2 - 215*h - 1300. What is m(-6)?
386
Let u(s) = 3190*s + 12377. Give u(-4).
-383
Let w(q) = 28246*q + 5536204. What is w(-196)?
-12
Let k(v) = 10*v**2 - 802*v - 37144. What is k(113)?
-80
Let t(o) = -8263*o + 16626. Determine t(2).
100
Let m(w) = 130*w**2 + 5193*w + 4796. What is m(-39)?
-1
Let r(l) = -65*l**3 - 3056*l**2 - 52*l - 211. Calculate r(-47).
24
Let z(c) = 109391*c + 546936. Calculate z(-5).
-19
Let h(o) = o**3 + 622*o**2 - 4404*o + 47. Determine h(7).
40
Let a(t) = 2*t**3 + 55*t**2 - 49*t - 115. Calculate a(-27).
1937
Let p(j) = -j**3 - 1041*j**2 + 8312*j + 714. Give p(8).
74
Let s(r) = -1783*r + 78286. Calculate s(44).
-166
Let w(s) = -s**2 + 152*s - 4568. Calculate w(41).
-17
Let u(m) = -543*m**2 - 522*m - 49. Give u(-1).
-70
Let t(i) = -i**2 + 95060*i + 855596. Calculate t(-9).
-25
Let d(l) = -l**2 - 300*l - 16995. Give d(-69).
-1056
Let w(l) = -l**3 - 5*l**2 - 41750*l - 250514. Give w(-6).
22
Let i(q) = -2*q**3 + 35*q**2 - 51*q + 1344. Give i(18).
102
Let u(w) = 2*w**3 + 177*w**2 + 1672*w - 35078. Calculate u(-74).
-2
Let y(x) = -11*x**3 - 48*x**2 - 13*x - 37. Give y(-5).
203
Let z(a) = 5*a**2 - 42*a - 449. Calculate z(17).
282
Let a(f) = -f**2 - 241452*f + 1931636. What is a(8)?
-44
Let o(v) = -1219*v**3 + 21*v**2 + 11*v - 22. Calculate o(1).
-1209
Let r(b) = 2*b**2 + 359*b + 8735. Give r(-33).
-934
Let z(x) = -68*x - 12031. Determine z(-177).
5
Let o(n) = -n**2 + 6406*n - 748144. Determine o(119).
9
Let q(i) = -26*i**3 - 9*i**2 + 50*i - 78. Determine q(4).
-1686
Let s(j) = 57*j**2 - 653*j - 111. Give s(10).
-941
Let f(m) = -m**2 - 475*m - 31857. Calculate f(-80).
-257
Let x(k) = 854*k**2 + 10244*k - 63. What is x(-12)?
-15
Let c(w) = -3864*w - 35347. What is c(-9)?
-571
Let r(f) = -f**3 - 88*f**2 + 38063*f + 133. What is r(156)?
-23
Let c(n) = -5811*n + 3001. Determine c(2).
-8621
Let r(k) = -9*k**2 + 48*k + 2145. Determine r(19).
-192
Let s(y) = -31*y**2 + 1082*y + 122. Give s(35).
17
Let v(w) = 4323*w - 410597. Give v(95).
88
Let w(p) = 2*p**2 + 8*p - 271. Calculate w(9).
-37
Let b(o) = o**2 - 127*o + 2311. Calculate b(22).
1
Let s(a) = 1355*a - 74473. Calculate s(55).
52
Let t(a) = a**3 + 732*a**2 + 1452*a - 5752. Determine t(-730).
88
Let v(y) = 70093*y + 3785042. Determine v(-54).
20
Let m(z) = -6*z**3 - 13*z**2 + 15009*z + 1665. Determine m(49).
-1
Let f(r) = -r**3 + 118*r**2 + 804*r + 9462. Give f(125).
587
Let p(d) = 19790*d - 2117550. Determine p(107).
-20
Let b(z) = 44*z**2 - 6822*z + 488. Determine b(155).
178
Let v(w) = 126*w + 47626. What is v(-378)?
-2
Let u(d) = 50*d**3 - 4000*d**2 + 5*d - 391. Determine u(80).
9
Let x(v) = v**3 + 591*v**2 - 6088*v - 46905. Determine x(-601).
-27
Let j(k) = -k**3 + 54*k**2 + 509*k + 39. Calculate j(62).
845
Let z(p) = -13*p**2 + 115*p - 111. Determine z(7).
57
Let f(l) = 7*l**3 + 34*l**2 + 231*l + 316. Determine f(-7).
-2036
Let f(m) = -378*m + 38835. Give f(103).
-99
Let c(x) = x**3 - 49*x**2 + 230*x + 1100. Give c(43).
-104
Let j(s) = -34*s**2 + 482*s + 452. Calculate j(-1).
-64
Let u(x) = 65657*x + 3085866. Give u(-47).
-13
Let q(l) = -3073*l + 362617. Give q(118).
3
Let p(t) = t**3 - 108*t**2 + 875*t + 190. Determine p(9).
46
Let j(b) = -b**3 + 35*b**2 + 1155*b - 17206. Determine j(51).
83
Let n(y) = 41*y**2 + 2211*y - 263. What is n(-54)?
-101
Let y(o) = 221*o - 707. Determine y(2).
-265
Let g(z) = 10*z**3 + 10*z**2 - 55*z - 46. Calculate g(-1).
9
Let a(z) = -171*z**2 + 15721*z + 1010. Give a(92).
-2
Let t(f) = -122*f**2 - 13*f + 335. Determine t(-6).
-3979
Let p(i) = 24895*i - 3634674. Determine p(146).
-4
Let k(f) = -f**3 - 20*f**2 + 30*f + 1168. Give k(-9).
7
Let f(r) = -6229*r + 629220. Give f(101).
91
Let d(y) = 22*y**3 - 148*y**2 + 36*y - 111. Calculate d(7).
435
Let n(x) = x**3 - 16*x**2 + 11*x - 107. Give n(13).
-471
Let w(q) = 2*q**3 - 21*q**2 + 5484*q - 60449. Determine w(11).
-4
Let v(b) = -b**3 - 14*b**2 - 56*b + 217. Determine v(-8).
281
Let u(s) = 195*s**2 + 432*s + 78. What is u(-2)?
-6
Let u(r) = -2657*r - 10872. Determine u(-4).
-244
Let q(h) = -h**2 - 43*h + 4493. Give q(51).
-301
Let c(v) = -17*v - 525. Determine c(28).
-1001
Let m(a) = -a**2 + 8585*a - 145594. What is m(17)?
62
Let u(o) = 9*o**2 + 4667*o - 2180. Give u(-519).
-104
Let g(q) = 1836*q + 563132. Calculate g(-307).
-520
Let n(h) = 6*h**3 + 40*h**2 - 29*h + 295. Calculate n(-8).
15
Let v(t) = -2*t**3 + 184*t**2 - 1033*t + 29. Calculate v(86).
-57
Let u(n) = -21*n**3 - 21*n**2 - 63*n - 18. Give u(-5).
2397
Let k(d) = -d**3 - 6*d**2 + 138*d - 1293. Determine k(0).
-1293
Let m(d) = 3204*d + 15927. Give m(-5).
-93
Let a(k) = -14986*k - 44978. What is a(-3)?
-20
Let o(c) = -109*c**2 + 28431*c + 4651. What is o(261)?
-47
Let k(a) = -4*a**2 - 985*a - 9447. Calculate k(-10).
3
Let s(l) = -2*l**3 + 1115*l**2 + 482*l + 42418. Calculate s(558).
10
Let z(w) = -15*w**2 + 229*w - 1003. Give z(10).
-213
Let j(m) = 2623*m - 112782. What is j(43)?
7
Let t(h) = -33*h**2 + 3735*h - 673. What is t(113)?
5
Let a(h) = 48*h**2 - 162*h - 85. Determine a(4).
35
Let s(y) = 146*y**3 - 16*y**2 + 30*y + 47. Give s(-1).
-145
Let h(x) = 7*x**2 + 227*x - 3569. Calculate h(-44).
-5
Let o(v) = 42*v**3 - 4*v**2 - 12295*v + 36890. Calculate o(3).
1103
Let b(n) = -12411*n + 99306. Determine b(8).
18
Let x(w) = -w**3 - 53*w**2 + 106*w + 2882. Determine x(-54).
74
Let v(s) = -8*s**2 - 501*s + 7454. What is v(-75)?
29
Let p(z) = -1044*z**2 + 6545*z - 37. Calculate p(6).
1649
Let a(g) = -18*g**3 + 8229*g**2 - 1379*g + 3657. Give a(457).
1
Let f(w) = 3*w**2 + 171*w - 154. Give f(-54).
-640
Let h(k) = -217*k + 777. Give h(-31).
7504
Let h(c) = -333*c - 7281. Calculate h(-28).
2043
Let y(g) = 2*g**2 + 830*g - 1659. What is y(2)?
9
Let w(m) = -m**3 + 322*m**2 + 1314*m + 104980. What is w(327)?
13
Let k(u) = -u**2 - 3444*u + 90230. Give k(26).
10
Let o(v) = 583*v - 353297. Calculate o(606).
1
Let p(l) = 1203*l - 19984. Calculate p(16).
-736
Let h(o) = 20912*o**3 - 167296*o**2 - 13*o + 64. Determine h(8).
-40
Let q(g) = 2*g**3 + 182*g**2 - 218*g - 19845. Determine q(-91).
-7
Let o(n) = -n**3 - 19*n**2 - 114*n + 1080. Calculate o(7).
-992
Let z(f) = -2*f**2 + 219*f - 2316. Determine z(12).
24
Let z(o) = 5*o**3 + 33*o**2 - 73*o + 2. Give z(-7).
415
Let n(f) = -2*f**3 + 685*f**2 - 706*f + 124499. Determine n(342).
11
Let h(j) = 9*j**2 + 5293*j - 177941. What is h(-620)?
-1
Let f(o) = -38*o**3 - 2*o**2 + 1090*o + 1090. Calculate f(-1).
36
Let k(b) = 